
9
What is the thousands digit of 363120425?
0
What is the ten millions digit of 187558754?
8
What is the millions digit of 48573001?
8
What is the thousands digit of 132788502?
8
What is the thousands digit of 471311372?
1
What is the units digit of 2213031298?
8
What is the thousands digit of 367505894?
5
What is the hundreds digit of 9324883?
8
What is the hundreds digit of 36379884?
8
What is the hundred thousands digit of 351836547?
8
What is the thousands digit of 762646018?
6
What is the ten thousands digit of 52413203?
1
What is the hundred millions digit of 3338607255?
3
What is the units digit of 4090827748?
8
What is the hundreds digit of 320632771?
7
What is the hundred thousands digit of 1202633962?
6
What is the thousands digit of 324725886?
5
What is the ten millions digit of 11917643?
1
What is the thousands digit of 1662357972?
7
What is the thousands digit of 142801715?
1
What is the hundreds digit of 66485975?
9
What is the thousands digit of 16454422?
4
What is the hundred millions digit of 2839063805?
8
What is the hundreds digit of 921363659?
6
What is the tens digit of 173349724?
2
What is the ten millions digit of 146127295?
4
What is the tens digit of 46307356?
5
What is the units digit of 11655684?
4
What is the millions digit of 1774648670?
4
What is the millions digit of 27088203?
7
What is the tens digit of 15359270?
7
What is the thousands digit of 95204925?
4
What is the hundred thousands digit of 54124956?
1
What is the ten thousands digit of 566211698?
1
What is the hundred thousands digit of 738286638?
2
What is the hundred thousands digit of 3590758750?
7
What is the ten thousands digit of 3251966?
5
What is the millions digit of 2183690053?
3
What is the millions digit of 491951963?
1
What is the millions digit of 2144094152?
4
What is the hundred thousands digit of 1758503647?
5
What is the hundreds digit of 2981466?
4
What is the hundred thousands digit of 180793273?
7
What is the hundred thousands digit of 2419978089?
9
What is the units digit of 241088043?
3
What is the tens digit of 1686309665?
6
What is the hundred thousands digit of 8145675?
1
What is the hundred thousands digit of 31660700?
6
What is the hundreds digit of 2189097357?
3
What is the millions digit of 909511133?
9
What is the units digit of 230904331?
1
What is the ten millions digit of 479527946?
7
What is the ten thousands digit of 5485178340?
7
What is the thousands digit of 240824686?
4
What is the ten millions digit of 153446719?
5
What is the hundred thousands digit of 336632020?
6
What is the ten thousands digit of 44713737?
1
What is the ten thousands digit of 66473786?
7
What is the hundred thousands digit of 685514450?
5
What is the units digit of 504284616?
6
What is the ten thousands digit of 335901609?
0
What is the thousands digit of 48391436?
1
What is the millions digit of 42199576?
2
What is the ten millions digit of 620068269?
2
What is the hundred thousands digit of 261956023?
9
What is the hundred thousands digit of 241083670?
0
What is the tens digit of 1065845470?
7
What is the thousands digit of 225513789?
3
What is the hundred thousands digit of 1770045447?
0
What is the tens digit of 62232760?
6
What is the thousands digit of 1971446656?
6
What is the hundreds digit of 513590572?
5
What is the tens digit of 541243112?
1
What is the ten thousands digit of 1190268916?
6
What is the ten millions digit of 432562478?
3
What is the tens digit of 148780100?
0
What is the ten millions digit of 29914145?
2
What is the tens digit of 12712800?
0
What is the hundred millions digit of 5473544682?
4
What is the hundred thousands digit of 2748094713?
0
What is the thousands digit of 707639?
7
What is the hundred millions digit of 930006082?
9
What is the hundred thousands digit of 1504778678?
7
What is the hundred thousands digit of 100491278?
4
What is the ten thousands digit of 12454543?
5
What is the thousands digit of 75407523?
7
What is the hundreds digit of 157837441?
4
What is the units digit of 263638311?
1
What is the hundreds digit of 236369665?
6
What is the hundred millions digit of 731052923?
7
What is the ten millions digit of 73879169?
7
What is the units digit of 5824464529?
9
What is the thousands digit of 773493768?
3
What is the tens digit of 42512579?
7
What is the millions digit of 1441224615?
1
What is the millions digit of 35541677?
5
What is the ten thousands digit of 178663297?
6
What is the ten thousands digit of 1271556743?
5
What is the ten millions digit of 60422850?
6
What is the hundreds digit of 27157194?
1
What is the hundred thousands digit of 1220553506?
5
What is the hundred thousands digit of 1023522244?
5
What is the tens digit of 19010229?
2
What is the units digit of 50271929?
9
What is the millions digit of 6700886085?
0
What is the hundred thousands digit of 242406943?
4
What is the units digit of 100531126?
6
What is the hundred thousands digit of 125015473?
0
What is the ten millions digit of 20735486?
2
What is the units digit of 114314736?
6
What is the hundred millions digit of 323703564?
3
What is the tens digit of 1563216637?
3
What is the hundreds digit of 993763860?
8
What is the hundred millions digit of 386257054?
3
What is the hundreds digit of 3610361160?
1
What is the hundred millions digit of 1650875715?
6
What is the thousands digit of 220471336?
1
What is the units digit of 55646211?
1
What is the thousands digit of 763923005?
3
What is the tens digit of 337624724?
2
What is the ten millions digit of 664933734?
6
What is the units digit of 189628262?
2
What is the thousands digit of 1428255701?
5
What is the tens digit of 91285320?
2
What is the units digit of 24752480?
0
What is the ten thousands digit of 649327789?
2
What is the ten thousands digit of 81997589?
9
What is the billions digit of 7098513172?
7
What is the ten thousands digit of 68154744?
5
What is the tens digit of 2374421538?
3
What is the millions digit of 256376059?
6
What is the billions digit of 1133302855?
1
What is the hundred millions digit of 201492856?
2
What is the units digit of 3519417179?
9
What is the units digit of 30711883?
3
What is the units digit of 7298917457?
7
What is the hundred millions digit of 180345447?
1
What is the hundred thousands digit of 495712368?
7
What is the ten thousands digit of 559683224?
8
What is the hundred thousands digit of 6331337264?
3
What is the units digit of 3091962172?
2
What is the ten millions digit of 242774327?
4
What is the hundreds digit of 221655306?
3
What is the hundreds digit of 827581452?
4
What is the hundreds digit of 59418589?
5
What is the ten millions digit of 432962599?
3
What is the ten thousands digit of 566950927?
5
What is the ten millions digit of 247389420?
4
What is the thousands digit of 1371762165?
2
What is the hundred thousands digit of 2050515870?
5
What is the tens digit of 9119062?
6
What is the units digit of 2131456623?
3
What is the ten millions digit of 623987132?
2
What is the hundred millions digit of 2041725133?
0
What is the hundred thousands digit of 3210746816?
7
What is the hundreds digit of 132692160?
1
What is the hundred thousands digit of 238989520?
9
What is the ten millions digit of 714092384?
1
What is the hundreds digit of 265288260?
2
What is the ten thousands digit of 313439950?
3
What is the hundreds digit of 397553267?
2
What is the ten thousands digit of 405258464?
5
What is the thousands digit of 2516809589?
9
What is the millions digit of 585920488?
5
What is the ten thousands digit of 9849769?
4
What is the hundred millions digit of 266117488?
2
What is the ten millions digit of 132931882?
3
What is the hundreds digit of 6486082?
0
What is the hundreds digit of 73021313?
3
What is the hundred thousands digit of 21962401?
9
What is the units digit of 284965274?
4
What is the units digit of 373547153?
3
What is the millions digit of 261608482?
1
What is the ten millions digit of 4009282179?
0
What is the units digit of 129058515?
5
What is the ten thousands digit of 25251506?
5
What is the tens digit of 30401432?
3
What is the ten thousands digit of 1103481373?
8
What is the tens digit of 4640647?
4
What is the units digit of 1877176463?
3
What is the hundreds digit of 2707368567?
5
What is t